reatest common factor of 3059 and k.
133
Let p(d) = 10 + 20 - 4*d + d. Let j be p(12). Let g(k) = -10*k - 28. Let t be g(j). What is the highest common factor of 192 and t?
32
Suppose -7137*v = -7111*v - 3094. Let i(b) = 460*b**2 + 2*b + 1. Let l be i(-1). Let q be l/36*(-16)/(-6). Calculate the highest common divisor of q and v.
17
Suppose -r + 15 = -0*r. Let a be 15/10*-200*(-32)/120. What is the highest common divisor of r and a?
5
Suppose -4319 - 56689 = -82*i. Calculate the highest common factor of 3906 and i.
186
Suppose -102*g - 36 = -103*g - 2*x, -7*x = 2*g - 66. What is the highest common factor of 1384 and g?
8
Suppose 536*i - 118*i = 2090. Calculate the greatest common factor of i and 4820.
5
Suppose -2*y = -6219*u + 6221*u - 26, 0 = 3*u - y - 67. What is the greatest common factor of u and 3688?
4
Let n be -3 + 5/2*30/1. Let r(z) = -7*z**3 - 2*z**2 - 2*z + 3. Let p be r(-3). Calculate the greatest common factor of n and p.
36
Suppose 5*n = -15 + 50. Suppose r + 3*k + 2*k = -340, 3*k = 2*r + 615. Let s = r - -316. What is the greatest common divisor of n and s?
1
Suppose 4*c = -3*o - 3066, c - 5115 = 5*o + 6*c. Let k be 43/(-344) - o/16. What is the greatest common divisor of 40 and k?
8
Suppose 5*y - 268 = 2*b, y + 144 = -b + 6*y. Let r = 130 + b. Calculate the highest common factor of r and 48.
6
Let j = -14 + 18. Let u be 205 + ((-5)/(3 - -2) - j). What is the highest common factor of u and 25?
25
Suppose -224*o = -250*o + 2106. What is the greatest common divisor of 9 and o?
9
Let b = 6498 - 2166. What is the greatest common factor of b and 24?
12
Let t = 7120 + -7084. Calculate the greatest common factor of t and 11208.
12
Suppose 0 = 133*x - 115*x - 1728. Calculate the greatest common factor of 8256 and x.
96
Let b = -2325 - -3675. What is the greatest common divisor of b and 30?
30
Let v be (2 + -1)*2/(-2). Let l be (-824)/(-3) - v/3. Suppose 9*c - 73 = -4*x, c + 4*c = 3*x - 90. What is the highest common factor of l and x?
25
Let j be (-2 - -12 - 2) + -26 + 105. Let s = -8 - -41. Suppose 2*t - j - s = 0. Calculate the highest common factor of 30 and t.
30
Suppose -53*d - d + 222372 = 4*d. What is the greatest common factor of d and 36?
18
Let w be 820/8 + (-11)/22. Let o = w - 61. What is the highest common divisor of o and 41?
41
Let y be 1976*((2 - -2)*-1 - 5395/(-830)). What is the greatest common divisor of y and 1040?
260
Let k be ((-492)/287)/((-3)/56). Suppose -7*h + k = -3. What is the greatest common factor of h and 45?
5
Let r = 73 - 53. Suppose -4*b = -5*a + 17, 0*a + 5 = a. Suppose 5*m - 700 = -b*m. What is the highest common divisor of m and r?
20
Suppose 64 = 5*q - 106. Let d be 18/(-6) + -2 + 99. Let t = -77 + d. Calculate the highest common divisor of q and t.
17
Suppose 261*x + 45 = 266*x. Let a(g) = 11*g**2 - 21*g + 40. Let t be a(x). What is the greatest common divisor of 212 and t?
106
Let q(p) = p**3 - 2*p + 2. Let v be q(0). Suppose 25 = 6*z - z, -3*m - v*z + 58 = 0. Let d be 5*2 - (-2)/(-1). Calculate the highest common factor of m and d.
8
Let b be 9 - ((-24)/6)/(1/(-1)). Suppose 5*o + b*a = a + 1334, 3*o + 2*a = 800. Calculate the highest common divisor of o and 14.
14
Let g = 30 + -27. Suppose 50 = g*t - 91. Suppose t = 2*s + 3*d, 4 = -4*s - d + 83. Calculate the greatest common divisor of s and 133.
19
Suppose 10*f - 96*f = 8*f - 6110. Suppose -5*i + 53 = 4*q - 0*q, -3*i + q + 42 = 0. Calculate the highest common divisor of f and i.
13
Let o(r) = -r**3 - 5*r**2 - 7*r - 7. Let z be o(-4). Let f be (z + -8 - -2)/((-5)/170). What is the greatest common divisor of f and 187?
17
Suppose 651*x + 60210 = 874*x. Calculate the greatest common divisor of 1026 and x.
54
Let q be (9459/(-27) + 7 + -6)*3/(-2). Calculate the greatest common factor of q and 4061.
131
Suppose 0 = 4*j + 9*j - 3721 - 15220. Calculate the greatest common divisor of 564 and j.
47
Let s be 54 + -3 + 45 + -35. Let r be 0/(-2*2/4). Suppose -4*w - 2*o + 1718 = r, -5*o = -20 - 5. What is the greatest common divisor of w and s?
61
Suppose 522 = -7*p + 5352. Suppose a + p = 4*a + k, -k - 230 = -a. Calculate the greatest common divisor of a and 10.
10
Let s be (18*(-13)/(-234))/(2/198). Calculate the highest common divisor of 18 and s.
9
Let h be ((-434)/28)/((-2)/(-4)). Let k = h - -31. Suppose -3*f - f - 12 = k, f = 3*q - 63. What is the greatest common divisor of 40 and q?
20
Let u(c) = -4*c**3 - 20*c**2 + 11*c + 44. Let p be u(-6). Calculate the greatest common factor of p and 854.
122
Let g be (-14)/((132/(-60))/11). What is the greatest common factor of 10 and g?
10
Let p(t) = -t**2 - 6*t + 25. Let r be p(-8). Suppose -r - 36 = 5*n. Let z be (-4)/12 + (-435)/n. Calculate the highest common factor of 32 and z.
16
Suppose 5*k = -r + 7, 5*r - k = 2*k + 7. Let p(s) = 141*s - 21. Let w be p(r). What is the highest common factor of w and 29?
29
Let w be (-336 + 329)/((-2)/34). What is the highest common factor of 2176 and w?
17
Suppose 908 = -5*n + n. Let l = n + 331. Calculate the greatest common divisor of l and 8.
8
Let a be (3*1)/((-11)/33). Let b(o) = -o**3 - 8*o**2 + 8*o + 12. Let m be b(a). Suppose -17*x + 2079 = -8*x. Calculate the greatest common divisor of m and x.
21
Let j be (-4 - (-16)/(-4))*3360/(-32). What is the highest common divisor of j and 624?
24
Let f = -3145 + 3155. Let k = 4 + 1. Let b(v) = 21*v + 5. Let x be b(k). What is the greatest common factor of f and x?
10
Suppose 3*f + 4*b = 82, 8 = -3*f + 4*b + 106. Suppose 2*a + f = 4*u, 4*u = a + 33 - 8. Suppose -u*i + 32 = 3*i. Calculate the highest common factor of i and 1.
1
Suppose 41*h = -562 - 94. Let x be 128/6*(-24)/h. What is the highest common factor of x and 112?
16
Let s(w) = -21*w - 119. Let q be s(-37). Calculate the highest common factor of 14 and q.
14
Let w = -711 + 858. Let y = -82 + w. Calculate the highest common factor of 26 and y.
13
Let i be ((-5)/(-1)*-1 - -11) + -14. Let f be ((-9)/6*i)/((-38)/(-57)). What is the highest common divisor of f and 10?
2
Let l(n) = 2*n**2 + 139*n - 729. Let j be l(5). Calculate the highest common factor of j and 332.
4
Let w = -89 + 92. Suppose 13*c - 100 = w*c. Suppose 9*v + z + 233 = c*v, -4*z = -3*v + 700. What is the highest common factor of 8 and v?
8
Let n(a) = -43*a - 940. Let i be n(-34). Calculate the greatest common factor of 234 and i.
18
Let i(p) = 97*p + 2183. Let s be i(11). Calculate the greatest common factor of s and 1750.
250
Let a(c) = 191*c + 1261. Let y be a(-6). What is the greatest common factor of 55 and y?
5
Suppose -5 = 2*k - 11. Suppose j = k*m - 86, -m - 18 = -2*m + 3*j. What is the highest common divisor of m and 5?
5
Let r(n) be the third derivative of 1/24*n**4 + 0*n + 0 - 22*n**2 + 31/6*n**3. Let l be r(-20). What is the highest common divisor of 11 and l?
11
Let o(x) = 49*x - 256. Let b be o(47). What is the highest common divisor of 178 and b?
89
Let j = 14928 - 14282. What is the greatest common factor of 3 and j?
1
Suppose 3*i + 2*i = 170. Suppose 74*g - 1064 = 36*g. Let v be g - (1 + 17)*1/(-3). Calculate the highest common factor of i and v.
34
Suppose 5*r - 2436 = 3*j, r + j = -0*j + 476. What is the greatest common factor of r and 4416?
69
Let t(u) be the first derivative of 95*u**3/3 + 3*u**2/2 - 2*u - 219. Let k be t(-2). Calculate the highest common factor of k and 93.
93
Let q(z) = 13*z - 63. Let p be q(5). Suppose 5*b = -2*m + 410, -p*m - 151 = -4*b + 177. Calculate the highest common divisor of 2 and b.
2
Let l(o) = o**3 - 18*o**2 + 83*o - 216. Let w be l(13). Let v be (-2)/(-7) + 1006/7. Calculate the highest common divisor of v and w.
18
Let o(z) = 1315*z - 19. Let h be o(1). Suppose 0 = 15*l - 23*l + h. Calculate the greatest common factor of 216 and l.
54
Let v be (0 - -1)*(-6)/((-6)/635). Let r = -431 + v. What is the greatest common factor of 6 and r?
6
Let a(r) = 13*r**2 - 155*r - 777. Let t be a(-5). What is the greatest common divisor of t and 816?
17
Let l(j) = j**2 - 7*j - 214. Let a be l(19). Let t be -2 - -2 - (a + -446). Calculate the greatest common factor of t and 16.
16
Let c(u) = -128*u + 1787. Let z be c(13). What is the greatest common factor of 9020 and z?
41
Suppose 0 = 2*j - 7*r + 2*r - 30, -5*j - r + 48 = 0. What is the highest common factor of j